89*n**2. Determine i(5).
4
Let y(d) = -3*d**2 - 23*d - 1 - 29*d + 52*d. Let a(t) be the second derivative of -5*t**4/12 - 3*t**2/2 + 4*t. Let h(r) = 2*a(r) - 5*y(r). Determine h(-1).
4
Let g(x) = 12870 - 6372 + 10*x**2 - 6423 - 7*x - 11*x**2. What is g(-13)?
-3
Suppose 5 - 2 = d. Suppose -2*h + 7*l - 18 = 10*l, -d*l = -3*h + 3. Let t(o) be the first derivative of 3*o**2/2 + o + 1. Give t(h).
-8
Let t(x) = 2*x + 3. Suppose 3*d = 5*m + 4*d - 825, -2*d = -4*m + 674. Suppose -2*n - 42 = 5*v - m, -5*v = -3*n - 114. Let o = -30 + v. Determine t(o).
-9
Let r(p) = p**2 + 25*p + 30. Let c(l) = -76*l + 6512. Let u be c(86). Determine r(u).
6
Let c(x) = -x**3 + 5*x**2 - 5*x - 4. Let g be (5/(-3))/(12/(-36)). Suppose -6*m + 1 = -g*m. Let p be 0 - m*12/(-3). What is c(p)?
-8
Let j(l) = -l**3 - l**2 - 1. Suppose 29*s + 16 - 45 = 0. Let w(z) = 21*z**3 + 2*z. Let n(t) = s*j(t) + w(t). Suppose 3 = 5*c - 2. Give n(c).
20
Suppose 4*x = 4*h - 0*x - 196, -4*x + 54 = h. Suppose h*s - 15*s + 490 = 0. Let b(z) = -z**3 - 14*z**2 - 2. Determine b(s).
-2
Let y(f) = f**3 + 143*f**2 - 72*f - 2. Let k(o) = o**3 + 117*o**2 - 71*o. Let l(q) = 5*k(q) - 4*y(q). What is l(-17)?
-9
Let c(w) = 15342 - 5059 - 5*w - 5131 - 5049. Calculate c(23).
-12
Let h(x) = x**2 - 13*x + 21. Let g be 2 + 120/14 - (-24)/56. Let j be h(g). Let t(q) = 2 - 2 + 2*q**2. What is t(j)?
2
Let w(u) = -u**2 + 8*u + 7. Let a(h) = -h**2 + 9*h + 7. Let g(i) = 6*a(i) - 7*w(i). Suppose 0 = 13*q - q + 13*q - 125. Calculate g(q).
8
Let v(n) = -n**2 - 12. Let f be 8/((-120)/105)*(-1)/1. What is v(f)?
-61
Let a(p) = 103 + 116 - p - 440 + 118 + 114. Calculate a(8).
3
Let i(g) = -2 + 93*g**2 - 5*g + 0 - 92*g**2. Let u = 69 - 63. Determine i(u).
4
Suppose 0 = h + 1 - 4. Let q(r) = -5 + 1 - r + 3*r - h*r. Let l = -15 - -19. What is q(l)?
-8
Let d = 147 - 283. Let j = -142 - d. Let f(u) = 6 + 5*u + 2*u + u**2 + 2. Determine f(j).
2
Suppose -5*l + 15 = 5*x, -x = 5*l - 2*l - 5. Let w(v) = -l - 3 + 91*v + 2 - 93*v. Let p = -27 + 21. What is w(p)?
10
Let t(b) = 7*b**3 + 46*b**2 + 17*b + 60. Let r(l) = 8*l**3 + 52*l**2 + 19*l + 61. Let o(c) = -6*r(c) + 7*t(c). What is o(-10)?
4
Let q(r) = -3*r**3 + 3*r**2 - r + 1. Let g = 463 + -462. Let f be g*(18/3 - 4). What is q(f)?
-13
Let c(z) = 314 + 310 - 8*z + 305 - 947. Determine c(-5).
22
Let r(u) be the third derivative of -173*u**2 + 0*u + 1/8*u**4 + 0 + 1/2*u**3 + 1/60*u**5. What is r(-5)?
13
Let a(p) = -p**2 + 15*p - 19. Suppose 1678 = 121*s - 846 + 830. Determine a(s).
-5
Let g(t) = -t**2 - 6*t + 9. Suppose -14 = -2*c - 4*f, -259*f - 4 = -257*f. Let d = -6 - 12. Let x = c + d. Give g(x).
2
Let p(a) = -a**2 + a + 1. Let n = 426 - 426. Suppose 0 = -2*b + 8 - n, f = -5*b + 23. Calculate p(f).
-5
Let x(k) be the first derivative of -k**4/4 - 5*k**3/3 + k**2/2 - 5*k + 8241. Let t be 10/(-3)*(-15)/(-10). Determine x(t).
-10
Let x(q) = 4*q - 2. Let a = 53 + -66. Let s = a + 29. Suppose -7*r - 30 = -s. Determine x(r).
-10
Let z = 192 + -181. Let m(k) = -k**3 + 11*k - 67 + 67 + 10*k**2. Determine m(z).
0
Suppose 2*o + 1 = 25. Let j(h) = -2*h + 118 - 135 - 2*h + 5*h. Calculate j(o).
-5
Let l(q) = -q**2 - 4*q - 15*q - 4*q - 2 + 28*q. Suppose 4*i - 18 = 2*i + t, 0 = 2*i + 4*t + 2. Determine l(i).
-16
Let z be (3 - 3) + (0 - 0). Suppose z = -2*q - 2 + 10. Let r(f) = 39*f - 163*f - 6 + 38*f + 49*f + 42*f. Calculate r(q).
14
Let s be (-11)/((-77)/28) - 2. Let p(r) = -9*r**2 - 2*r**3 + r**3 + 8*r**2 - 3 + 6*r**s. Give p(3).
15
Let v = -149 + 144. Let f(w) = 2*w**2 - 7*w + 6. What is f(v)?
91
Let w(q) = -169*q - 1178. Let o be w(-7). Let h(g) = -g**3 + 4*g**2 - 2*g + 5. What is h(o)?
-30
Suppose 41 = -5*l + 196. Suppose -v + 5*i = -l, 5*i = -5*v - 0 + 5. Let r(h) = -h**3 + 6*h**2 + 2*h + 2. Calculate r(v).
14
Let d(o) be the third derivative of 7*o**4/24 + 27*o**3 + 16*o**2 + 89*o. Determine d(-24).
-6
Let a = -11 - -13. Let n(l) = 6*l - a*l - 3 + l**2 - 7*l. Let x(q) = q - 25. Let h be x(31). Determine n(h).
15
Let w(l) = -18*l**2 + 367*l - 296. Let b(r) = 8*r**2 - 157*r + 127. Let v(p) = 16*b(p) + 7*w(p). Determine v(-29).
-11
Let q(b) = 4*b + 28. Suppose 63 = -31*m + 26*m - 3*l, 3*m + 4*l + 51 = 0. Determine q(m).
-8
Let w(y) = y**2 - 2*y - 14. Let j(d) = 2*d**3 + 32*d**2 - 161*d + 9. Let c be j(4). What is w(c)?
1
Let i be (5/15)/((14/12)/7). Suppose -4*o = -3*r - 10, 2*r = -o - i*o + 16. Let x(d) = 19*d**2 - 22*d**r - 5*d - 4 + 0*d**3 - d**3. Give x(-3).
11
Let j(f) = -5287 - 24*f + 5046 - 2*f. Calculate j(-9).
-7
Let f(q) = -q**2 + 42*q + 2585. Let w be f(-34). Let p(g) = -7*g**3 + 3*g**2 - 5*g + 2. Calculate p(w).
-7
Let n(z) = 5*z**2 - z - 4. Let x be -45 + (0 + 0 - -1). Let c = 55 + x. Let h(p) = -14*p**2 + 3*p + 11. Let r(d) = c*n(d) + 4*h(d). What is r(2)?
-2
Let b(u) = 2*u**2 - 1. Let z(y) = -9*y**2 + 10*y + 3. Let m(i) = -5*b(i) - z(i). Let f(a) = -2*a**3 - 34*a**2 - 33*a - 24. Let l be f(-16). What is m(l)?
18
Suppose 461 - 3 = -229*h. Let m(s) = -7*s - 15. Give m(h).
-1
Let i(b) = 11 - 2*b + 4 - 19 + 21. What is i(-9)?
35
Let t(y) be the third derivative of -y**5/60 - y**4/24 + y**3/6 - y**2. Suppose 5*m = -d + 7*m + 188, -4*d = -3*m - 777. Let s = -200 + d. Determine t(s).
-1
Let j(p) = 6*p + 12. Suppose -57 = 33*x + 75. Determine j(x).
-12
Let g(q) = -q**2 - 2*q - 4. Let d(z) = 1. Let k(x) = -4*d(x) - g(x). Let s be k(-3). Suppose 0 = -p - 4 + s. Let j(a) = -27*a + 1. Determine j(p).
28
Let g(n) = -4*n. Suppose 15 = r + 2*r. Suppose 0 = -u + d + 4 + r, 25 = u + 3*d. Let l(m) = m**3 - 13*m**2 + 2*m - 24. Let x be l(u). Calculate g(x).
-8
Let t(l) = -3*l + 4. Let y = 1953 - 1949. Give t(y).
-8
Let n be 7/4 - (-5)/20. Let g be (-130)/10*(-2 - (n - 1)). Suppose -g = -r + 14*r. Let k(x) = -x**3 - 3*x**2 - 3. Calculate k(r).
-3
Let t(v) = v**2 + 7*v + 8. Let o be t(-6). Let n(w) = w - 3*w + 5 + 2*w + 2*w - w**o. Let c(h) = h**3 + 11*h**2 - 34*h - 100. Let q be c(-13). Give n(q).
-3
Suppose 64*w - 344 = -300 + 596. Let i(l) = l**2 - 14*l + 47. Give i(w).
7
Let p(d) be the second derivative of -d**5/60 - d**4/3 - d**3/3 - 3*d**2/2 - 48*d. Let r(a) be the first derivative of p(a). Give r(-6).
10
Let v(w) be the second derivative of 2 + 10*w + 1/3*w**3 + 1/12*w**4 - 1/2*w**2. Calculate v(-3).
2
Let n(p) = 6*p + 7. Let f be n(2). Let c(z) = 69031*z**3 + 39 - 69032*z**3 + 18*z**2 + 10*z + 7*z. Give c(f).
1
Let d(a) = -11*a**2 - 124*a + 92. Let z be d(-12). Let i(m) = 8*m**2 + 5*m + 13. Let v(l) = 7*l**2 + 5*l + 12. Let c(t) = -6*i(t) + 7*v(t). Calculate c(z).
2
Suppose 1 + 29 = 5*r. Let j(v) be the first derivative of v**4/4 - 5*v**3/3 - 3*v**2 - 356. Determine j(r).
0
Let r(d) = -7*d - 152. Suppose 0 = 4*v + 2*w + 100, 3*v + 3*w - 175 + 256 = 0. Give r(v).
9
Let x(f) = 36*f**3 + f**2 - 1. Let k = -3578 + 3579. What is x(k)?
36
Let o(n) = n**3 + 16*n**2 - 37*n - 5. Let a(u) = u**2 - 130*u + 2271. Let v be a(109). What is o(v)?
13
Suppose 144*k - 57 + 16 - 3127 = 0. Let z(a) = -a**3 + 22*a**2 - 3*a + 65. Calculate z(k).
-1
Let g(o) = -15*o. Let t(z) = -2*z. Let b be (-323)/3 + -5 + 22/6. Let y = b + 85. Let i(k) = y*t(k) + 3*g(k). What is i(3)?
9
Let u(n) = -n**2 - 21*n - 401. Let k(q) = q**2 + 23*q + 468. Let z(y) = -6*k(y) - 7*u(y). Suppose 40 = 2*t - 6*t. What is z(t)?
9
Let v(n) = -n - 161 + 74 - n**2 + 83. Let k = 965 + -965. Determine v(k).
-4
Suppose 20*j - 36 + 5436 = 0. Let t = j - -274. Let d(q) = -q**3 + 3*q**2 + 6*q - 2. Calculate d(t).
6
Let y be 26*6/8*(-8)/(-4). Let b = -37 + y. Let w(c) = -8*c - 2. Calculate w(b).
-18
Let y(t) = -3*t**3 - 12*t**2 + 6*t + 10. Let f be (-5)/15*(3 - 3) + 5. Let c(b) = 4*b**3 + 13*b**2 - 6*b - 11. Let v(d) = f*y(d) + 4*c(d). Determine v(7).
-1
Let v(w) = -6*w**2 - 4*w - 6. Let b(y) be the second derivative of -y**3/6 - y**2/2 + 69*y. Let l(d) = -5*b(d) + v(d). What is l(1)?
-6
Let q(b) = b**3 - 5*b**2 + 5*b - 3. Let t(s) = s**2 - 214*s + 844. Let w be t(4). Give q(w).
1
Let f(x) = -16*x + 12 - 233*x**3 - 224*x**3 + 8*x**2 + 456*x**3. What is f(6)?
-12
Let b(q) = -q + 1. Let n be b(-7). Let z(r) be the third derivative of r**5/60 - 11*r**4/24 + 3*r**3/2 - 48*r**2 - 5. Determine z(n).
-15
Suppose 77 - 261 = -8*v. Let h = 58 + -22. Suppose -v*w = -19*w - h. Let s(o) = o**3 - 9*o**2 + o - 13. What is s(w)?
-4
Let o be (4 + 39/(-6))/((-91)/(-1